93.
17, 40429
What are the prime factors of 106046?
2, 17, 3119
What are the prime factors of 720451?
67, 10753
List the prime factors of 208801.
59, 3539
List the prime factors of 124937.
101, 1237
List the prime factors of 403296.
2, 3, 4201
What are the prime factors of 1412125?
5, 11, 13, 79
List the prime factors of 26532569.
7, 19, 28499
What are the prime factors of 582509?
582509
List the prime factors of 407401.
407401
What are the prime factors of 987392?
2, 7, 19, 29
List the prime factors of 5378996.
2, 7, 31, 6197
What are the prime factors of 1412580?
2, 3, 5, 13, 1811
List the prime factors of 162951.
3, 29, 1873
List the prime factors of 28928123.
7, 659, 6271
What are the prime factors of 319740?
2, 3, 5, 73
What are the prime factors of 4681812?
2, 3, 390151
List the prime factors of 12069533.
7, 246317
What are the prime factors of 383273?
11, 34843
What are the prime factors of 5089915?
5, 433, 2351
What are the prime factors of 14936106?
2, 3, 139, 17909
What are the prime factors of 4191094?
2, 2095547
What are the prime factors of 746385?
3, 5, 17, 2927
What are the prime factors of 184454?
2, 92227
What are the prime factors of 701386?
2, 7, 17, 421
List the prime factors of 157799.
157799
What are the prime factors of 20395619?
53, 347, 1109
What are the prime factors of 1386682?
2, 11, 63031
List the prime factors of 226941.
3, 11, 13, 23
What are the prime factors of 1302944?
2, 19, 2143
What are the prime factors of 26938903?
19, 74623
What are the prime factors of 448739?
163, 2753
What are the prime factors of 264788?
2, 53, 1249
What are the prime factors of 1667692?
2, 13, 2467
What are the prime factors of 10703065?
5, 311, 6883
List the prime factors of 6407708.
2, 17, 23, 241
What are the prime factors of 1020133?
29, 1213
What are the prime factors of 4809066?
2, 3, 97, 8263
List the prime factors of 543794.
2, 271897
What are the prime factors of 2155533?
3, 718511
List the prime factors of 1523293.
1523293
What are the prime factors of 247976?
2, 139, 223
List the prime factors of 11663978.
2, 131, 44519
What are the prime factors of 13131337?
19, 37, 18679
List the prime factors of 1583313.
3, 29, 18199
List the prime factors of 11860293.
3, 257, 15383
What are the prime factors of 3124451?
11, 284041
List the prime factors of 11583655.
5, 1013, 2287
List the prime factors of 7838090.
2, 5, 13, 60293
What are the prime factors of 307564?
2, 17, 4523
List the prime factors of 3384004.
2, 13, 59, 1103
What are the prime factors of 248534?
2, 11, 13, 79
What are the prime factors of 1533929?
431, 3559
List the prime factors of 1461401.
1461401
List the prime factors of 1079778.
2, 3, 7, 47, 547
List the prime factors of 3781037.
13, 1721
List the prime factors of 194196.
2, 3, 16183
List the prime factors of 1594507.
29, 54983
What are the prime factors of 2109024?
2, 3, 2441
List the prime factors of 4776802.
2, 347, 6883
List the prime factors of 6297063.
3, 2099021
What are the prime factors of 26739160?
2, 5, 7, 29, 37, 89
List the prime factors of 976288.
2, 30509
What are the prime factors of 34232?
2, 11, 389
List the prime factors of 74945.
5, 13, 1153
What are the prime factors of 4308317?
13, 37, 53
List the prime factors of 9318169.
7, 683, 1949
List the prime factors of 172816.
2, 7, 1543
What are the prime factors of 2431296?
2, 3, 7, 67
What are the prime factors of 3492145?
5, 433, 1613
List the prime factors of 1471962.
2, 3, 17, 14431
List the prime factors of 3548709.
3, 353, 1117
What are the prime factors of 1524290?
2, 5, 152429
List the prime factors of 6321.
3, 7, 43
What are the prime factors of 4432102?
2, 571, 3881
What are the prime factors of 1000898?
2, 193, 2593
What are the prime factors of 10193056?
2, 37, 8609
What are the prime factors of 1152384?
2, 3, 3001
List the prime factors of 105231.
3, 7, 5011
List the prime factors of 13561423.
1181, 11483
List the prime factors of 268507.
268507
What are the prime factors of 16417?
16417
What are the prime factors of 19173668?
2, 4793417
What are the prime factors of 290424?
2, 3, 12101
What are the prime factors of 1642186?
2, 7, 13, 1289
What are the prime factors of 167851?
53, 3167
What are the prime factors of 1339867?
199, 6733
What are the prime factors of 1400924?
2, 7, 50033
What are the prime factors of 23705338?
2, 71, 139, 1201
List the prime factors of 5305474.
2, 2652737
List the prime factors of 522237.
3, 174079
What are the prime factors of 14748?
2, 3, 1229
List the prime factors of 9764811.
3, 7, 23, 293
What are the prime factors of 74810?
2, 5, 7481
What are the prime factors of 882047?
882047
List the prime factors of 2021467.
7, 19, 15199
What are the prime factors of 18209784?
2, 3, 758741
What are the prime factors of 1933119?
3, 71597
What are the prime factors of 359150?
2, 5, 11, 653
What are the prime factors of 4036496?
2, 43, 5867
List the prime factors of 23989510.
2, 5, 41, 58511
List the prime factors of 113652.
2, 3, 7, 11, 41
What are the prime factors of 576437?
277, 2081
List the prime factors of 4593825.
3, 5, 17, 1201
List the prime factors of 3265364.
2, 816341
What are the prime factors of 358965?
3, 5, 2659
What are the prime factors of 839985?
3, 5, 29, 1931
What are the prime factors of 1017607?
1017607
What are the prime factors of 60791?
31, 37, 53
What are the prime factors of 3759645?
3, 5, 250643
What are the prime factors of 6283101?
3, 11, 47, 4051
What are the prime factors of 25835101?
47, 549683
What are the prime factors of 303218?
2, 151609
List the prime factors of 8447254.
2, 4223627
List the prime factors of 9722991.
3, 373, 8689
List the prime factors of 18823726.
2, 17, 29, 1123
List the prime factors of 2117332.
2, 7, 75619
List the prime factors of 1731012.
2, 3, 67, 2153
List the prime factors of 115577.
7, 11, 19, 79
List the prime factors of 734371.
11, 101, 661
What are the prime factors of 1200881?
11, 109171
List the prime factors of 583877.
7, 239, 349
List the prime factors of 1199856.
2, 3, 7, 3571
What are the prime factors of 356304?
2, 3, 13, 571
What are the prime factors of 266812?
2, 7, 13, 733
List the prime factors of 41547192.
2, 3, 31, 55843
List the prime factors of 4831679.
23, 83, 2531
List the prime factors of 6886578.
2, 3, 521, 2203
List the prime factors of 2008669.
13, 17, 61, 149
List the prime factors of 300768.
2, 3, 13, 241
List the prime factors of 221124.
2, 3, 18427
List the prime factors of 8694408.
2, 3, 37, 9791
List the prime factors of 80950.
2, 5, 1619
What are the prime factors of 151969?
151969
List the prime factors of 12848305.
5, 29, 88609
What are the prime factors of 838307?
563, 1489
What are the prime factors of 73081?
107, 683
What are the prime factors of 549223?
307, 1789
List the prime factors of 131663.
7, 2687
What are the prime factors of 10781665?
5, 127, 16979
What are the prime factors of 480161?
11, 43651
List the prime factors of 458502.
2, 3, 11, 6947
List the prime factors of 19257427.
7, 37, 74353
What are the prime factors of 107715?
3, 5, 43, 167
List the prime factors of 90470.
2, 5, 83, 109
What are the prime factors of 187644?
2, 3, 19, 823
List the prime factors of 139931.
11, 12721
List the prime factors of 437932.
2, 11, 37, 269
What are the prime factors of 239295?
3, 5, 7, 43, 53
List the prime factors of 4197376.
2, 4099
List the prime factors of 93040.
2, 5, 1163
What are the prime factors of 1768353?
3, 589451
What are the prime factors of 6142879?
6142879
What are the prime factors of 1180374?
2, 3, 13, 37, 409
List the prime factors of 192556.
2, 7, 13, 23
What are the prime factors of 27227?
19, 1433
What are the prime factors of 260859?
3, 89, 977
What are the prime factors of 6251842?
2, 3125921
List the prime factors of 1482289.
1482289
What are the prime factors of 1507869?
3, 11, 5077
List the prime factors of 316258.
2, 158129
What are the prime factors of 132484?
2, 11, 3011
What are the prime factors of 389808?
2, 3, 2707
List the prime factors of 1468481.
7, 23, 1303
List the prime factors of 839133.
3, 31079
What are the prime factors of 23525?
5, 941
What are the prime factors of 328793?
197, 1669
What are the prime factors of 293903?
83, 3541
List the prime factors of 6269